a - 4*a - 198 = 0. Let z(k) = 27*k + 680. Let r be z(-20). Let h = a - r. What is the tens digit of h?
5
Let o be 20/8*(-4)/(-2). Suppose o*q - 110 = -5*z, -4*z + 5*q = 3*q - 64. What is the tens digit of z?
1
What is the tens digit of 32265/5*((-4)/(-7))/(60/70)?
0
Let y be 83/4 - 25/(-100). Let z(u) = 2*u**2 - 33*u + 20. What is the hundreds digit of z(y)?
2
Let i(k) = -k**3 + 6*k**2 - k + 9. Let x be i(5). What is the units digit of 2/4*(7 - 1)*x?
7
What is the tens digit of 2524 - (4/(-7))/((-770)/49 - -16)?
2
Let y(q) be the second derivative of -5*q**3 - 97*q**2/2 + 5*q + 6. What is the tens digit of y(-6)?
8
Suppose 5*i = -5*g + 15, 2*i = 3 - 7. Let n be 10/g - -184 - -1. Suppose -w = -h - 52 + n, h + 3*w - 115 = 0. What is the hundreds digit of h?
1
Suppose w - 55 = 25. Suppose -189 = -i - f, 0 = -i + 2*f + 118 + w. Suppose 4*j - 5*d - i = 2*j, 0 = -5*j - 5*d + 410. What is the units digit of j?
6
Let y(v) be the first derivative of -4*v**3/3 + v**2/2 + 3*v + 14. Let l be y(2). What is the units digit of (-988)/l + -8*5/(-220)?
0
Let g(c) = -c**3 + 12*c + 17. Let r be g(-3). Suppose 5*h - 979 = -2*v, -r*h + 4*h + 2439 = 5*v. What is the hundreds digit of v?
4
Let x = 56 + -48. Suppose x*b + 36 = -4. Let f(r) = 4*r**2 - 5*r + 5. What is the hundreds digit of f(b)?
1
Suppose 4*t - 4*o + 336 = 0, 3*o = 5*t + o + 417. Let c = 189 + t. What is the tens digit of c?
0
What is the ten thousands digit of ((-6498627)/1748)/(1/(-4))?
1
Suppose -180*a + 10615 - 112295 = -188*a. What is the tens digit of a?
1
Let h(g) = g**3 - 19*g**2 - 4*g + 14. Let w be h(19). Let q = 71 + w. What is the units digit of q?
9
Suppose -3*h + 135 - 1665 = 0. Let c = -105 - h. What is the units digit of c?
5
Let y be 2 + (0/5 - -83). Let g = -80 + y. What is the units digit of 307/g - 6/(-10)?
2
Let y(a) = 117*a + 38. Let j be y(3). Suppose -3*k + 260 = 2*z - j, -z = k - 215. What is the units digit of k?
9
Let x be ((-46)/(-115))/(1/(-10)) + 1. What is the tens digit of 65/(x/(-1) - 2) - -3?
6
Let d(y) = -y**3 - 3*y**2 - y. Let b be d(-3). Let a be (69 - 4) + 1/b*3. Suppose a*z - 61*z - 440 = 0. What is the units digit of z?
8
Suppose 0 = -20*d - 15*d + 18*d + 180557. What is the hundreds digit of d?
6
Suppose 2*j - 2*z + 12 = 0, -4*j + 0*z - 2*z = 36. What is the tens digit of (((-180)/j)/15)/(6/3908)?
7
Suppose -136 = 20*x + 204. What is the units digit of (-2)/x + (-21400)/(-170)?
6
Suppose -57 = -4*r - 3*v, 4*r = -2*v - 0*v + 54. Let w(i) be the second derivative of i**5/20 - i**4 + 3*i**2/2 + 3*i. What is the units digit of w(r)?
3
Let w = 779 + -783. What is the tens digit of w/(-12)*1059 + 7?
6
Let i(z) = -4*z - 3. Let x(t) = 9*t + 6. Let a(d) = 9*i(d) + 5*x(d). Let f be a(1). Suppose 2*u + 570 = f*u. What is the tens digit of u?
5
Let f(o) = -2*o**3 + 2*o**2 + 7*o - 2. Let u(x) = -x**2 - 2*x. Let v(c) = -f(c) + u(c). What is the hundreds digit of v(5)?
1
Let t be -2*(1 - 5 - (-47281)/(-26)). Let g be ((-24)/(-5))/((-3)/(t/(-6))). Suppose 8*k + 140 = g. What is the tens digit of k?
0
Let m = 10780 + 32672. What is the units digit of m?
2
Let v be ((-914)/(-6))/((-776)/(-192) + -4). What is the thousands digit of (-46)/(-46) - v/(-2)?
1
Let k(j) = j**3 + 9*j**2 + 11*j - 20. Let s be k(-6). What is the tens digit of s/((-4)/(-10)*14/56)?
2
Suppose 2*n - 62795 = -5*q, q - 91799 = -3*n + 2387. What is the hundreds digit of n?
3
What is the ten thousands digit of ((-1128)/(-1316))/(3/104356)?
2
Suppose 5*f - 18 = -2*k, 0 = -2*f - 3*k - 2*k + 24. Suppose -3*r + 3767 = -4*d, -2493 = -f*r - 6*d + 5*d. What is the units digit of r?
9
Let r(d) = -d**2 - 17*d - 14. Let o be r(-16). Suppose 284 = 2*a - m - 3*m, 4*a - o*m = 592. Suppose 55*w = 61*w - a. What is the units digit of w?
5
Let s(f) = f**2 + 21*f + 41. Let u be s(-19). Suppose 66 = u*z + 3*b, -3*z + 3*b = z - 60. Suppose 11*a = 14*a - z. What is the units digit of a?
6
What is the hundreds digit of (3 - (-14868)/8)*(-88)/(-12)?
6
Let x be (-4)/(-28) + 468/(-91) - -5. Let j be ((-12)/(-2) + -2)*1. Suppose x = -2*v + j*o + 92, -4*v = 2*o - 6*o - 164. What is the tens digit of v?
3
What is the ten thousands digit of (-4 - 44/(-10) - 0)*(-126970)/(-4)?
1
Let l(g) = 15*g**2 + 4*g - 5. Let n be l(2). Let u = -58 + n. Suppose -9 - 3 = 3*m, u*z - 4*m - 116 = 0. What is the units digit of z?
0
Suppose -830 + 800 = 6*j. What is the units digit of (930/2 - (j + 1)) + 1?
0
Suppose -15*n + 32176 = -15284. What is the hundreds digit of n?
1
What is the ten thousands digit of -21 - (-11)/(209/1039034)?
5
Suppose 48 = -7*h + 13. Let s be ((-87)/15)/(1/h). Let u = s - -77. What is the units digit of u?
6
Let m(j) = 2598*j - 51. Let a be m(5). Suppose -a = -11*d + 4430. What is the hundreds digit of d?
5
Suppose o - 1830 = u - 0*o, 15 = -3*o. Let v = 2660 + u. What is the tens digit of v?
2
Let b = 471 - 319. What is the units digit of 6/(-57) + 58536/b?
5
Let d(b) = b**3 - 11*b**2 - 12*b + 8. Let g be 2 - 1/(-4)*-4. Let u be g*(2 + 2) + 8. What is the units digit of d(u)?
8
Let h(w) = -2*w + 22. Let y be h(8). Let f = 22 - 24. What is the units digit of 210/y - (-1 - f)?
4
Let d(c) = -13*c - 16. Let k be d(-8). Suppose -181 - 159 = -10*s. Let h = k - s. What is the tens digit of h?
5
Suppose -8*n = 3*i - 4*n + 734, -2*i = -5*n + 451. Let t = i + 500. What is the hundreds digit of t?
2
Let s be (-15)/12*(-5 + -23). Let z be (-11)/44 - 83/4. Let a = s + z. What is the tens digit of a?
1
Suppose -5*z - 6878 = -2768. Let d = z + 1012. What is the tens digit of d?
9
Let i = -85 + 310. Let q = 135 + i. What is the hundreds digit of (23 + -22)/(-2*(-1)/q)?
1
Suppose 0 = 8*o - 5*o + 15, 5*x + 10 = -4*o. Suppose 92 = l + 7*h - 5*h, -x*h + 276 = 3*l. What is the units digit of l?
2
Let z = -145 - -137. Let j be 4/z*4 - -108. Suppose -3*v + j = -3*y + 10, -5*v = 4*y - 169. What is the units digit of v?
3
Let d(h) = 1848*h - 5. Let o be d(1). Suppose 3*r - 4*p - o = 0, -39*r = -41*r - 4*p + 1242. What is the tens digit of r?
1
Suppose 0*x + 1102275 = 5*x + 18*x. What is the tens digit of x?
2
Let o be (-4)/(-6)*(-1 - -19). Let a(i) = 45*i - 33. What is the tens digit of a(o)?
0
Suppose -3552 = -72*y + 179328. What is the thousands digit of y?
2
Let b(l) = -2*l**2 - 9 - 5*l + 22*l + 3*l**2 + l**2. Let x be b(-21). Suppose -9*p + 3*p = -x. What is the tens digit of p?
8
Suppose -48*c + 136349 = -21043. What is the tens digit of c?
7
Let s = -13 + 6. Let w(l) = l**3 - 18*l + 22. Let o(k) = -k**3 - k**2 + 17*k - 20. Let d(v) = 3*o(v) + 2*w(v). What is the tens digit of d(s)?
7
Suppose 2*r + 2*f = 12770, -r = -24*f + 19*f - 6397. What is the hundreds digit of r?
3
Let c = 69 - 62. Suppose -9 + c = t. What is the hundreds digit of 122 + t/8*-4?
1
Let l(y) be the third derivative of -y**6/120 + 11*y**5/60 + 11*y**4/24 - 7*y**3/2 - 62*y**2 - 2. What is the units digit of l(11)?
0
Suppose a - 4*f + 72 = -3*a, -3*f = -12. What is the hundreds digit of 35/a*(3 + 5721/(-15))?
9
Let z(a) be the second derivative of a**4/3 - a**3/2 - 3*a**2/2 - 2*a. Let q = 1120 + -1115. What is the tens digit of z(q)?
8
Let x(t) = 794*t**3 + t**2 + 1. Suppose w + 5*m = 16, -3*w + 7*w = 5*m - 11. What is the units digit of x(w)?
6
Let h(j) = j**3 - 17*j**2 + 13*j - 21. Let o be h(16). Let f = -19 - o. Suppose -t + 3*g + f = 0, 2*g + 286 = 5*t - g. What is the units digit of t?
9
Let a(o) = 143*o**3 - 12*o**2 + 46*o + 3. What is the units digit of a(7)?
6
Let c(x) = 2*x**2 - 17*x + 10. Suppose -4 - 156 = 20*y. What is the units digit of c(y)?
4
Let q be -390 - 2*3/(-6)*1. Suppose 7*b - 449 = -1737. Let j = b - q. What is the tens digit of j?
0
Let i = 34 + -30. Let v = -12 - i. What is the units digit of 4/(-6)*48/v?
2
Let a = -62 - -69. Suppose a = z - 1. Suppose -5*i + b = -174, -5*i - b + 158 = -z. What is the tens digit of i?
3
Let z = -88 + 91. Suppose -4*s - 593 = -5*q, -z*q + 4*s = -374 + 15. Let u = q + -67. What is the tens digit of u?
5
Suppose 4*r + 3*i - 14190 = i, 5*r - 5*i - 17730 = 0. Suppose 30*b = r + 8033. What is the tens digit of b?
8
Let u = -45 + 51. Suppose r + 34 = -2*m, 3*r = u*m - 2*m + 48. Let w(k) = k**2 + 15*k + 20. What is the tens digit of w(m)?
2
Suppose -4*q + 0*q = -0*q. Suppose q = 2*g - 511 - 1261. What is the tens digit of g?
8
Le